uppose 0 = 2*i + u*v + 32, 4*v - 66 = 3*i + 2*i. Let t = i - -20. Let k(c) = 2*c - 9. Determine k(t).
3
Let c(t) = -2 - 3*t**2 + 19236*t - 19238*t + t**2. What is c(-6)?
-62
Let o = 388 - 382. Suppose -5*t + 7*t = 2*f, o = 2*t. Let a(j) = -j**3 + j**2 + 2*j + 7. Calculate a(f).
-5
Let f(k) = k**3 + 13*k**2 + 10*k + 350. Let r be f(-14). Let c(x) = -x**3 + 13*x**2 + 15*x - 19. Calculate c(r).
-5
Let w(j) = j**3 + 7*j**2 + 5*j + 2. Suppose 6 + 6 = -2*h. Let k be w(h). Let f(t) = -9 - 8*t**2 - 35*t + 16*t + t**3 + 19*t. Calculate f(k).
-9
Let k(g) = 5*g**2 + 9*g - 8. Let y(i) be the second derivative of -1/3*i**4 - 3/2*i**3 + 0 + 4*i**2 - 16*i. Let n(s) = -5*k(s) - 6*y(s). What is n(8)?
0
Suppose -993*b = -1995*b + 978*b - 144. Let d(s) = -s**2 - 6*s - 20. What is d(b)?
-20
Let y(l) = l**3 + 12*l**2 + 10*l - 11. Let j(t) = 6*t - 38. Let m be j(8). Let c be -2 + (-2 + 3 + 0 - m). Calculate y(c).
0
Suppose -2*l - w = -16, 2*l + 8*w - 16 = 10*w. Let c(v) = -16*v**3 - 9*v**2 + 29*v**3 + 8*v + 11 - 12*v**3. What is c(l)?
11
Let d = -3 + 6. Let h(c) = -3*c**2 - 7*c - 3. Let o(q) = -4*q**2 - 6*q - 2. Suppose -33 = 10*w - 13. Let p(z) = d*h(z) + w*o(z). Determine p(-7).
9
Suppose -39*c - 88 = -43*c. Suppose -4*q - 5*m - c = 0, 2*q = -2*m - 0*m - 10. Let r be 1/(1 + q/2). Let k(j) = -7*j. Give k(r).
14
Suppose 0*x + 16 = -4*x. Let k(d) = 11*d**3 - 159*d + 2 - 168*d - 3*d**2 + 328*d. Let f(s) = 2*s**3 + 1. Let a(v) = -6*f(v) + k(v). Calculate a(x).
8
Suppose -36*p - 1093 = -949. Let s(y) = 2*y + 15. Determine s(p).
7
Let q be 1/(4/3920)*(-2)/(-5). Suppose 3*u + 38 - q = 0. Let h(t) = -t**2 + 116 - u + t - 2*t. Give h(-3).
-8
Let z(d) be the first derivative of d**4/4 + 59*d**3/3 + 3*d**2/2 + 173*d + 9812. Give z(-59).
-4
Suppose -29*j - 191*j + 413 = -247. Let x(u) = u**3 - 9*u**2 + 17*u - 9. Determine x(j).
-12
Suppose 6*t - 212 = -4*h + t, 4*h + 4*t = 212. Suppose -4*r + 5*j + h = 0, 0 = -6*r + 8*r - 5*j - 39. Let f(v) = v**2 - 57*v + 50*v + 1 - 3 + 3. Determine f(r).
1
Let p(d) = -d. Let f(v) = -3*v + 9. Let t(y) = -f(y) + 4*p(y). Let q be t(-4). Let w(c) = -c - 1. Let z(i) = -7*i - 8. Let b(s) = 6*w(s) - z(s). Determine b(q).
-3
Let b(a) = -21*a + 17*a + a**3 - 2 - 2*a**2 - 2*a**2. Let u be (-12)/9 - 19/(-3). Let c be b(u). Let g(m) = m - 3. Give g(c).
0
Let o(a) = 13*a + 172. Let s(m) = 20*m + 262. Let y(r) = -8*o(r) + 5*s(r). Calculate y(-9).
-30
Suppose d = -0*d - 1. Let u(p) be the first derivative of -p**2/2 + p + 50022. What is u(d)?
2
Let v(y) be the second derivative of -9/2*y**2 + 1 + 11*y - 1/3*y**3. Give v(-6).
3
Let o(k) be the third derivative of -11*k**4/24 + k**3 - 2*k**2 - 78*k. Let g = -280 + 284. Calculate o(g).
-38
Let o(n) be the third derivative of n**4/24 - 11*n**3/3 + 368*n**2. Calculate o(31).
9
Let q(d) be the first derivative of 1/4*d**4 + 0*d**2 - 3*d**3 - 105 - 2*d. Give q(9).
-2
Let y(q) = q**2 + q + 1. Let w be 11 + (-5)/(20/(-8)). Let g(k) = 3*k**2 + 4*k + 15 + 4*k - 3*k - w. Let b(r) = -g(r) + 4*y(r). Calculate b(3).
8
Let i(l) = l**3 - 6*l**2 - 30*l + 1. Let v(m) = -6*m**3 + 30*m**2 + 162*m - 5. Let j(s) = -11*i(s) - 2*v(s). Calculate j(-5).
-6
Let a be 2 - -10 - -1*1. Suppose -a*n = -17*n. Let x(v) = 6*v**2 - 4*v**2 + v + 5*v**2 - 8*v**2 - 6. What is x(n)?
-6
Let t(y) be the third derivative of y**6/120 + 3*y**5/20 + 3*y**4/4 - y**3/2 - 2*y**2 - 20*y. Give t(-8).
-83
Let s(y) = -y**2 + 13*y - 15. Let w be 3/(-8 + (-16167)/(-2022)). Let l = w + 685. Determine s(l).
7
Let f(i) be the second derivative of 0 - 1/6*i**3 + 6*i + 1/2*i**2. Let z(m) = -m**2 - 6*m + 8. Let n(h) = 4*f(h) - z(h). Calculate n(3).
11
Suppose -9*z + 13*z - 2*g + 34 = 0, 0 = -4*z - g - 19. Let u(b) = -2*b**2 - b - 2. Let n(c) = 10*c**2 + 17*c + 21. Let s(h) = n(h) + 4*u(h). Calculate s(z).
7
Suppose 13172 = -251*v - 1050 - 336. Let r(z) = 17*z + 986. Determine r(v).
0
Let x(k) be the first derivative of 20 + 0*k**4 - 1/6*k**3 - 2*k**2 - 1/120*k**6 + 0*k - 7/60*k**5. Let a(d) be the second derivative of x(d). Determine a(-7).
-1
Let t(r) be the third derivative of 1/60*r**5 + 2*r**2 - 1/3*r**3 + 0 - 22*r + 1/24*r**4. Let b(v) = v**2 + 4*v - 3. Let h be b(-5). Determine t(h).
4
Let o(a) be the third derivative of 0*a + 3*a**2 + 0*a**3 - 1 + 1/24*a**4. Determine o(-4).
-4
Let c(s) = s**3 + 2*s**2 - 9*s - 1. Suppose 4*l + 36 = -4*z, -455*l + 452*l = -2*z + 7. Calculate c(z).
3
Let i = -38335 + 38333. Let h(u) be the third derivative of -u**5/60 + u**4/24 + u**3/6 - 2*u**2. Calculate h(i).
-5
Let q(z) = 11*z**3 + z**2. Let i = 112 - 112. Suppose i = -19*t + 125 - 30. Suppose -t*y = 12 - 7. What is q(y)?
-10
Let z(o) = 3*o**3 + 6*o**2 - 6*o + 4. Let s(g) = -5*g - 65*g**3 + 5*g**2 - 3 + 68*g**3 + 6 + 0. Let n(t) = 6*s(t) - 5*z(t). Determine n(2).
22
Let l(j) = j + 1. Suppose -2*i + 3 = 3*c - 88, -5*c - 5*i + 155 = 0. Suppose z - c = -1. Suppose -5*m + 8 - z = 0. Give l(m).
-3
Let u(k) = k - 20. Suppose 243*w = 240*w - 21, -c - w + 9 = 0. Give u(c).
-4
Let v(q) = -7224*q + 2 + 14384*q - 7235*q. Determine v(-2).
152
Let i(t) = 9 - 787*t - 775*t + 1540*t. Give i(1).
-13
Let g(b) = b**3 - 12*b**2 - 14*b - 5. Let l be 14/6 - (1 + 0)/3. Suppose 0 = -3*z - l*q + 31, z = -3*z - 3*q + 40. Give g(z).
-18
Let v(u) = -2*u**2 + 19*u - 28. Suppose 319 = 113*l - 380 - 205. Determine v(l).
-4
Let l(k) = 14*k - 1 - 15*k - k**2 - 7*k**3 - 3*k**3. Suppose 374*v + 10 = -4*m + 375*v, -3*v = -3*m - 21. Determine l(m).
9
Let g = -3814 - -3816. Let x(c) = 16*c - 5. What is x(g)?
27
Let l(w) = -2*w**2 + 11*w - 5. Let v = 897 - 890. What is l(v)?
-26
Let q(z) = -257*z**2 - 43*z + 24. Let t(n) = -140*n**2 - 22*n + 13. Let i(u) = 6*q(u) - 11*t(u). What is i(-7)?
15
Let r(w) = -2 + 2 + 9*w. Suppose 767 - 1835 = 2*f. Let q = -533 - f. What is r(q)?
9
Let q(k) = -k**3 - 3*k**2 + 3*k + 9. Suppose -123*n - 1114 = -376. Give q(n).
99
Let k(s) be the third derivative of s**4/12 + 7*s**3/3 - s**2 + 105. What is k(5)?
24
Let b(o) be the second derivative of o**8/6720 - o**7/420 - o**6/360 + o**5/120 + 25*o**4/4 - 8*o - 3. Let j(l) be the third derivative of b(l). Determine j(6).
-11
Suppose -3*x + 3 = -j, -2*x - 7*j + 7 = -6*j. Let a(l) = l**x - 4*l - 19*l + 15*l + 4. Determine a(5).
-11
Suppose 2*o + 3*a = 10, -3*o + 6 = 3*a - 9. Suppose 4*n + o*d + 14 = 0, 0 = d + 3*d + 8. Let l(s) = -6*s + 1. Give l(n).
7
Let y(a) = -2*a**2 + a + 3*a**2 - 5 - 2*a**2. Suppose -7*b = 0, 2 = i - 15*b + 11*b. Give y(i).
-7
Let m(r) be the second derivative of -2*r**2 + 1/20*r**5 - 7*r + 1 + 7/12*r**4 + r**3. What is m(-6)?
-4
Let t(y) = 2111*y**2 + 135*y - 1067*y**2 + 14*y**3 + 18 - 15*y**3 - 1066*y**2. What is t(-27)?
18
Let l(d) = d**3 + 3*d**2 - 5*d - 10. Let b(q) = -q**3 - 17*q**2 + 60*q - 6. Let k be b(-20). Determine l(k).
-88
Let q(z) = 97*z + 7403. Let u be q(-76). Let f(i) = -i**2 + 27*i + 128. Calculate f(u).
4
Let u(a) = -a**3 - 6*a**2 + 8*a - 7. Let r(k) = 56*k - 145. Let y be r(3). Suppose 3 = y*h + 164. Calculate u(h).
-14
Let i(y) = -5*y**2 + 318*y - 57. Let q(s) = -2*s**2 + 119*s - 19. Let o(w) = 3*i(w) - 8*q(w). Give o(-6).
5
Let f(p) = -6840 - 5*p**2 + 6913 + 7609*p**3 - 11*p - 7608*p**3. Give f(6).
43
Suppose 0 = 5*o + 4 - 14. Let r(h) be the second derivative of 5*h**4/12 - 10689*h. Give r(o).
20
Let w(b) = -2*b - 32. Let z be (1*-2)/((-4)/10). Suppose 2*k + z + 25 = 2*y, -2*k + 5*y - 33 = 0. Let m be w(k). Let d(h) = h + 2. Calculate d(m).
-2
Let y(w) = 3 - 16690*w**2 + w + 16687*w**2 - 15. What is y(0)?
-12
Let n = -1814 - -1821. Let c(p) = 22*p - 144. Calculate c(n).
10
Let d(t) = -2*t**3 + 34*t**2 + 19. Let n = 16154 + -16137. Give d(n).
19
Let y(z) = -2*z + 7. Suppose -5*x + 8 = -2*n + 3, 0 = x - 5. Let m be n/3 - 2 - 16/12. Determine y(m).
7
Let f(x) be the second derivative of 0 + 5/2*x**2 - 1/6*x**3 - 5*x. Suppose -14 = -2*u - 5*h + 3*h, -3*h = 4*u - 27. What is f(u)?
-1
Let q(g) be the third derivative of -g**5/120 - g**4/8 + 55*g**3/6 - 3*g**2 + 10. Let t(k) be the first derivative of q(k). Let c = 2 - -2. Calculate t(c).
-7
Let a(o) = 12*o - 16. Let p = 5122 - 5119. Give a(p).
20
Let j be 0 + 17 + 5 + -6. Suppose n = 4*l - j, -7 = 2*l + 3*n - 29. Let x(h) = -h**2 - 2*h + 6. Calculate x(l).
-29
Let k(l) = -l**3 + 7*l**2 + 7*l - 1. Suppose 9*s + 4*a + 9 - 84 = 0, s + 2*a = 13. 